 List the prime factors of o/2 - (-117)/6.
2, 5
List the prime factors of (64/(-10) - -7)/((-1)/(-185)).
3, 37
Let o(f) = -6*f**2 + 2*f - 3. Let c be o(2). Let u(m) = -m**2 + 4*m - 4. Let k be u(-4). Let q = c - k. What are the prime factors of q?
13
What are the prime factors of 108/3*(-3)/(-6)?
2, 3
Suppose -3*y - q - 4*q + 237 = 0, -4*y + 316 = 3*q. What are the prime factors of y?
79
Let h(l) = l**2 - 2*l + 3. Let r be h(2). Suppose -i - 4*v + 38 = -17, 0 = i - r*v - 27. What are the prime factors of i?
3, 13
Let v = -348 + 528. What are the prime factors of v?
2, 3, 5
Let q = 138 - 52. Suppose -2*h = -f + 25, -3*f - h + q = 4*h. List the prime factors of f.
3
Let u be 16/24*(-18)/(-4). Suppose -2*f + u*m = -64, 4*f - m - 139 = -1. List the prime factors of f.
5, 7
Suppose 3*f - 5*d + 0 = 37, -5*f + 67 = -3*d. What are the prime factors of (-69)/(-2)*f/21?
23
Suppose 0 = -5*f - 3*d + 500, 0 = -3*f - 2*d - 2*d + 311. List the prime factors of f.
97
Let u be (1 - 1) + 0 - -3. Let d = u - -1. List the prime factors of d.
2
Let a(l) = 2*l**2 + l + 1. Let w be a(-1). Suppose 16 = h + o - 4, 4*o = w*h - 64. What are the prime factors of h?
2, 3
Suppose 5*l + 3*b + 40 = 0, -5*l + 4*b + 10 = -3*l. Let i = l - -13. Let v = 6 + i. What are the prime factors of v?
2, 7
Let n = 3 + -3. Suppose n = -5*t - 5*j - 255, 2*j = -4*t - 0*j - 194. What are the prime factors of 4/10 + t/(-10)?
5
Let c = -77 - -264. What are the prime factors of c?
11, 17
Suppose o - 50 = -2*y, 5*o + 0*o - 278 = 4*y. What are the prime factors of o?
2, 3
Suppose s - 24 = 3*s. Let t be (-2)/s*3*0. List the prime factors of ((-11)/(-4) - t)*4.
11
List the prime factors of (-190)/(-8) - 8/(-32).
2, 3
Suppose 8*k = 5*k. Suppose 4*q - 174 + 10 = k. What are the prime factors of q?
41
Let s = -14 - -19. Let c = s + 27. List the prime factors of c.
2
Let s(b) = 2*b**2 + 11*b - 2. What are the prime factors of s(-8)?
2, 19
Suppose -4*o = -4*p - 20, 2*p = -0*o + 5*o - 25. Suppose t - o = -0*t. Suppose -4*s + 17 = 3*r - 5*s, 4*r = t*s + 8. What are the prime factors of r?
7
Suppose 3*c - 26 = 13. Let d = 20 - c. List the prime factors of d.
7
Let w = -85 - -123. What are the prime factors of w?
2, 19
Let r = 0 - -11. Let o(z) = -z**3 + 10*z**2 + 15*z. List the prime factors of o(r).
2, 11
Let h = 20 - -8. What are the prime factors of h?
2, 7
Let p = -289 - -534. What are the prime factors of p?
5, 7
Suppose -6*c + 0*c = -672. List the prime factors of c.
2, 7
Let l(t) = 23*t - 1. Let d be l(1). Suppose 0*b - d = -2*b. List the prime factors of b.
11
Suppose -4*q = q. Let z(i) = -i**3 + 8*i**2 - 5*i - 9. Let k be z(7). Suppose q*v = v - k. What are the prime factors of v?
5
Suppose 4*r + 35 = 3*n - 56, 142 = 4*n + 5*r. Let z = 61 - n. Let i = -15 + z. List the prime factors of i.
13
Suppose 0 = 2*n - 3 + 5, 4*g = -n + 127. List the prime factors of g.
2
Let g = 17 - 28. Let i = -8 - g. Suppose 0 = -i*t - 0 + 24. What are the prime factors of t?
2
Suppose -4*a = -2*a + 8, -2*t = -4*a - 24. Let z = -2 + t. Suppose y + 11 = z*y. List the prime factors of y.
11
Suppose 6*u - 136 = -2*u. What are the prime factors of u?
17
Suppose -5*b + 21 = f - 22, 4*f + 4 = 2*b. Suppose 7*p - 3*p = -b. What are the prime factors of (-2 + (-7)/p)*8?
2, 3
Suppose 0*r + 3*f + 23 = 2*r, 5*f = 2*r - 33. Suppose 0*w + 4*l = 5*w - r, -w - 4 = -2*l. What are the prime factors of w?
2
Let h = -55 - -88. List the prime factors of (h - -2 - -3) + 0.
2, 19
Suppose 4*g + 5*j = -0*g + 15, g - 1 = -4*j. Let w(o) be the third derivative of o**5/60 - o**4/6 + 7*o**3/6 + o**2. List the prime factors of w(g).
2, 3
Let j = 13 + 19. What are the prime factors of j?
2
Let f = -21 + 33. What are the prime factors of f?
2, 3
Suppose -4*z + 4 = -4. Suppose z*y - 3*v - 17 = 15, -4*y + 2*v = -48. List the prime factors of y.
2, 5
Let b be 216/(-28) + 2/(-7). Let t = 6 - b. What are the prime factors of t/6 - 8/(-12)?
3
Suppose -4*i + 51 + 1289 = 0. What are the prime factors of i?
5, 67
Let w(t) = -t**3 + t**2 + 5*t. List the prime factors of w(-4).
2, 3, 5
Let x be (0*2/(-6))/(-1). Suppose 4*q + 6 + 6 = x. List the prime factors of -1*2 - (-13 - q).
2
Let i = 156 - 85. Suppose 0 = -f + i - 15. Suppose 4*t - 5*s + s = f, -4*t = 4*s - 24. List the prime factors of t.
2, 5
Let d(h) = -h**3 - 6*h**2 - 3*h - 8. Let n be d(-6). Suppose -4*i + n = i. List the prime factors of i.
2
Suppose 3*a - 5*h + 2*h - 27 = 0, 4*h = -a + 24. Let q = 3 - 11. List the prime factors of 4/a + q/(-3).
3
Suppose -2*s + 41 = 5*h, -106 = -4*s - 2*h - 0*h. Suppose -41 = -3*l - 3*r - r, 2*l + 2*r = s. List the prime factors of l.
3, 5
Let q = 24 + -16. Suppose -s + 23 = -k + 5*k, -2*k + 4 = -2*s. Suppose -s*l - q = -7*l. List the prime factors of l.
2
What are the prime factors of 4 + 39 + 4 + 1?
2, 3
Let o(m) = -m - 1. Let p(d) = -d**3 + 3*d**2 + d - 5. Let w(u) = -3*o(u) + p(u). List the prime factors of w(3).
2, 5
Suppose -4*u = 2*f - 16, -3*u + 6 = f - 5. Let y = -2 - -2. Let s = u + y. What are the prime factors of s?
3
Let m be 2/(-4)*(-1 - -11). What are the prime factors of m/(-2)*8/5?
2
Suppose -5*o = 3*k - 55, 5*k - 24 = 1. List the prime factors of 7/3 + o/12.
3
Suppose 2*q - 2*z + 24 = 3*q, 0 = -3*q + 3*z + 117. What are the prime factors of q?
2, 17
Suppose 0 = -5*a + 1 + 9. What are the prime factors of 10/a*(-66)/(-55)?
2, 3
Let i(o) = -2*o + 8. Suppose 5*y - 4 + 34 = 0. Let w be i(y). Suppose 3*m - 7 - w = -z, z - 11 = -m. What are the prime factors of m?
2
Suppose -3*o + 3*p = -75, o - 4*p + 10 = 50. Suppose 5*h - o = 5. Suppose 2*q - 16 = -4*g, g = h*g + q - 18. What are the prime factors of g?
5
Suppose 0 = z - 4 - 6. Let v be 1 + -2 + 2 - 1. Suppose m - z = -x, -2*m + 21 = -v*x + 3*x. What are the prime factors of m?
3
Let m(j) = 11*j**2 - 2*j - 7. List the prime factors of m(4).
7, 23
Let i(b) = b**3 - 3*b**2 - 4*b + 2. Let m be i(4). Suppose -5*t + 0*l + 56 = -l, -t - m*l = -9. What are the prime factors of t?
11
Suppose -40 + 127 = 3*y. List the prime factors of y.
29
Let q be (-6)/9*(-33)/2. Suppose -2*x + 0*x = -4*u + 8, u - q = 2*x. What are the prime factors of x*(2 + -3)*1?
2, 3
Suppose -5*u - 4*j = j - 20, 4 = j. Suppose -l = -6 - u. What are the prime factors of l?
2, 3
Suppose 0 = -c + 6*c - 220. List the prime factors of c.
2, 11
List the prime factors of 40 - -1 - 20/5.
37
Let j be (0 - -1)*(16 - 18). List the prime factors of 48 + 4/j + 3.
7
Let x = 134 + -74. List the prime factors of x.
2, 3, 5
Suppose 0 = -3*b + 44 + 145. Let w be 14/b + (-166)/18. Let h(u) = -u**3 - 10*u**2 - 11*u - 4. List the prime factors of h(w).
2, 7
Let b(z) = -18*z + 22. List the prime factors of b(-8).
2, 83
Suppose 4*c + 39 = 407. Let s = c + -40. List the prime factors of s.
2, 13
Let n(u) = -3*u**2 + 3*u + 2. Let y be n(3). Let k = 22 + y. List the prime factors of k.
2, 3
Let j be (-9)/3 - (-2 - 6). Suppose 0 = j*h - 33 - 27. List the prime factors of h.
2, 3
Let w be 2 + 0 + (-3)/3. Let r be w/(2 - 11/6). Suppose 5*n + r = 4*k - 3*k, -n = -2*k + 30. List the prime factors of k.
2
Suppose -d - 4 = -5*d. Suppose -d - 1 = -2*i. What are the prime factors of (2/(-4))/(i/(-34))?
17
Suppose -1 = -5*v - 11. Suppose 3*l + 3*q = 15, -l + 4*q = 4 + 16. List the prime factors of (l + 6)*(-4)/v.
2, 3
Let t = 54 + -6. Let c = -23 + t. Let a = -15 + c. List the prime factors of a.
2, 5
Let s = -4 - -7. Let d = s - 2. Let y(z) = 6*z**2 + 1. What are the prime factors of y(d)?
7
Let u(b) = b + 7. Let q be u(-6). Let m(z) = 3*z - 2*z + q + 0. What are the prime factors of m(2)?
3
Suppose 75 = -4*y + 5*y - 4*x, -8 = 2*x. List the prime factors of y.
59
Let z = -13 - -24. Let f = 3 + z. What are the prime factors of f?
2, 7
Suppose -o = -5*y + 91, 0*y = 2*y + 2*o - 34. List the prime factors of ((-12)/5)/(y/(-120)).
2
Let p(d) = 5*d - 1. Let s be (-2 + 1)*(-2 - -1). List the prime factors of p(s).
2
Let o = 65 - 45. List the prime factors of o.
2, 5
Let c(v) = 2*v**2 - 4*v + 2. Let r be c(2). Suppose 0 = -r*s - 3 + 11. List the prime factors of 140/18 - s/(-18).
2
Let y(b) = 4 - 4 - 2*b. Let z be 2/(-1*2/2). List the prime factors of y(z).
2
Suppose -2*z + 6*z - 8 = 0. Let w(p) = -2*p**3 - 6*p - 2 + p**3 - p - 6*p**z. List the prime factors of w(-5).
2
Suppos